{"id":19,"date":"2023-02-01T12:31:44","date_gmt":"2023-02-01T12:31:44","guid":{"rendered":"http:\/\/instalreform.com\/?page_id=19"},"modified":"2023-02-07T16:43:57","modified_gmt":"2023-02-07T16:43:57","slug":"acerca-de","status":"publish","type":"page","link":"https:\/\/instalreform.com\/index.php\/acerca-de\/","title":{"rendered":"Sobre Nosaltres"},"content":{"rendered":"\n<p><br>Amb m\u00e9s de 20 anys d&#8217;experi\u00e8ncia en el sector, DALMAU &amp; DOM\u00cdNGUEZ es la col\u2022laboraci\u00f3 de dues empreses especialitzades en les Reformes, Instal\u2022lacions i Reparacions dins del ram El\u00e8ctric, Lampisteria, Gas, Aire Condicionat i Calefacci\u00f3. Tamb\u00e9 realitzem projectes d&#8217;enginyeria, Certificats d&#8217;alta i de reconeixement de Llum, Aigua y Gas i treballem amb un equip d&#8217;arquitectes t\u00e8cnics per poder donar servei de projectes energ\u00e8tics i c\u00e8dules d&#8217;habitabilitat entre d&#8217;altres. Especialitzats en instal\u00b7lacions comunit\u00e0ries d&#8217;aigua, gas i electricitat, realitzant tots els tr\u00e0mits necessaris amb les companyies subministradores. Professionalitat i comprom\u00eds amb els nostres clients avalen la nostra traject\u00f2ria. No dubtin a contactar amb nosaltres per a qualsevol consulta o per sol\u2022licitar un pressupost sense cap tipus de cost ni comprom\u00eds.<\/p>\n\n\n\n<p><\/p>\n","protected":false},"excerpt":{"rendered":"<p>Amb m\u00e9s de 20 anys d&#8217;experi\u00e8ncia en el sector, DALMAU &amp; DOM\u00cdNGUEZ es la col\u2022laboraci\u00f3 de dues empreses especialitzades en les Reformes, Instal\u2022lacions i Reparacions dins del ram El\u00e8ctric, Lampisteria, Gas, Aire Condicionat i Calefacci\u00f3. Tamb\u00e9 realitzem projectes d&#8217;enginyeria, Certificats d&#8217;alta i de reconeixement de Llum, Aigua y Gas i treballem amb un equip d&#8217;arquitectes &hellip; <\/p>\n<p class=\"link-more\"><a href=\"https:\/\/instalreform.com\/index.php\/acerca-de\/\" class=\"more-link\">Continua llegint <span class=\"screen-reader-text\">\u00abSobre Nosaltres\u00bb<\/span><\/a><\/p>\n","protected":false},"author":1,"featured_media":0,"parent":0,"menu_order":0,"comment_status":"closed","ping_status":"closed","template":"","meta":{"footnotes":""},"class_list":["post-19","page","type-page","status-publish","hentry"],"_links":{"self":[{"href":"https:\/\/instalreform.com\/index.php\/wp-json\/wp\/v2\/pages\/19","targetHints":{"allow":["GET"]}}],"collection":[{"href":"https:\/\/instalreform.com\/index.php\/wp-json\/wp\/v2\/pages"}],"about":[{"href":"https:\/\/instalreform.com\/index.php\/wp-json\/wp\/v2\/types\/page"}],"author":[{"embeddable":true,"href":"https:\/\/instalreform.com\/index.php\/wp-json\/wp\/v2\/users\/1"}],"replies":[{"embeddable":true,"href":"https:\/\/instalreform.com\/index.php\/wp-json\/wp\/v2\/comments?post=19"}],"version-history":[{"count":3,"href":"https:\/\/instalreform.com\/index.php\/wp-json\/wp\/v2\/pages\/19\/revisions"}],"predecessor-version":[{"id":65,"href":"https:\/\/instalreform.com\/index.php\/wp-json\/wp\/v2\/pages\/19\/revisions\/65"}],"wp:attachment":[{"href":"https:\/\/instalreform.com\/index.php\/wp-json\/wp\/v2\/media?parent=19"}],"curies":[{"name":"wp","href":"https:\/\/api.w.org\/{rel}","templated":true}]}}